{"id":29,"date":"2022-03-29T11:53:09","date_gmt":"2022-03-29T11:53:09","guid":{"rendered":"https:\/\/sandbox.matheratte.ch\/?page_id=29"},"modified":"2025-06-04T07:26:30","modified_gmt":"2025-06-04T07:26:30","slug":"kontakt","status":"publish","type":"page","link":"https:\/\/matheratte.ch\/?page_id=29","title":{"rendered":"Kontakt"},"content":{"rendered":"\n<div class=\"wp-block-media-text alignwide is-stacked-on-mobile is-vertically-aligned-top\"><figure class=\"wp-block-media-text__media\"><img loading=\"lazy\" decoding=\"async\" width=\"500\" height=\"560\" src=\"https:\/\/matheratte.ch\/wp-content\/uploads\/2022\/12\/matheratte_6.jpg\" alt=\"\" class=\"wp-image-309 size-full\" srcset=\"https:\/\/matheratte.ch\/wp-content\/uploads\/2022\/12\/matheratte_6.jpg 500w, https:\/\/matheratte.ch\/wp-content\/uploads\/2022\/12\/matheratte_6-268x300.jpg 268w\" sizes=\"auto, (max-width: 500px) 100vw, 500px\" \/><\/figure><div class=\"wp-block-media-text__content\">\n<h1 class=\"wp-block-heading\">Kontakt<\/h1>\n\n\n\n<p>Die Abkl\u00e4rungen und Therapiestunden finden an der Plattenstrasse in 8032 Z\u00fcrich statt. \u00dcber Ihre Kontaktaufnahme freue ich mich.<\/p>\n\n\n\n<p>Kathrin St\u00e4rk<br>Ph\u00f6nixweg 6<br>8032 Z\u00fcrich<\/p>\n\n\n\n<p><a href=\"mailto:info@matheratte.ch\">info@matheratte.ch<\/a><\/p>\n\n\n\n<p><\/p>\n<\/div><\/div>\n\n\n\n<p><\/p>\n","protected":false},"excerpt":{"rendered":"<p>Kontakt Die Abkl\u00e4rungen und Therapiestunden finden an der Plattenstrasse in 8032 Z\u00fcrich statt. \u00dcber Ihre Kontaktaufnahme freue ich mich. Kathrin St\u00e4rkPh\u00f6nixweg 68032 Z\u00fcrich info@matheratte.ch<\/p>\n","protected":false},"author":1,"featured_media":0,"parent":0,"menu_order":0,"comment_status":"closed","ping_status":"closed","template":"","meta":{"footnotes":""},"class_list":["post-29","page","type-page","status-publish","hentry"],"_links":{"self":[{"href":"https:\/\/matheratte.ch\/index.php?rest_route=\/wp\/v2\/pages\/29","targetHints":{"allow":["GET"]}}],"collection":[{"href":"https:\/\/matheratte.ch\/index.php?rest_route=\/wp\/v2\/pages"}],"about":[{"href":"https:\/\/matheratte.ch\/index.php?rest_route=\/wp\/v2\/types\/page"}],"author":[{"embeddable":true,"href":"https:\/\/matheratte.ch\/index.php?rest_route=\/wp\/v2\/users\/1"}],"replies":[{"embeddable":true,"href":"https:\/\/matheratte.ch\/index.php?rest_route=%2Fwp%2Fv2%2Fcomments&post=29"}],"version-history":[{"count":16,"href":"https:\/\/matheratte.ch\/index.php?rest_route=\/wp\/v2\/pages\/29\/revisions"}],"predecessor-version":[{"id":328,"href":"https:\/\/matheratte.ch\/index.php?rest_route=\/wp\/v2\/pages\/29\/revisions\/328"}],"wp:attachment":[{"href":"https:\/\/matheratte.ch\/index.php?rest_route=%2Fwp%2Fv2%2Fmedia&parent=29"}],"curies":[{"name":"wp","href":"https:\/\/api.w.org\/{rel}","templated":true}]}}